e 5) in base 16?
-27f
Convert 2444b (base 12) to base 15.
e7ce
6333 (base 7) to base 4
202311
-5203 (base 11) to base 7
-26055
Convert -220051 (base 6) to base 5.
-1040200
What is 1510 (base 10) in base 11?
1153
Convert -2122022 (base 3) to base 13.
-b51
Convert -1f2 (base 16) to base 7.
-1311
What is -10201202210 (base 3) in base 4?
-101323311
-671a (base 15) to base 6
-245054
Convert 5354 (base 8) to base 10.
2796
Convert -242612 (base 7) to base 15.
-d172
Convert -e56d (base 15) to base 5.
-3022403
What is -280 (base 9) in base 3?
-22200
-535 (base 9) to base 11
-368
Convert -7798 (base 11) to base 14.
-3a59
Convert 20132 (base 4) to base 16.
21e
What is 47f6 (base 16) in base 4?
10133312
-1757 (base 8) to base 3
-1101022
What is -5c4a (base 16) in base 3?
-1012102001
What is 8729 (base 10) in base 16?
2219
What is 3403 (base 6) in base 16?
31b
Convert 3887 (base 9) to base 11.
220a
What is 1141210 (base 6) in base 10?
59910
What is -1a1 (base 16) in base 4?
-12201
What is 1135 (base 12) in base 2?
11101111001
Convert -15551 (base 6) to base 10.
-2587
What is -3a1 (base 14) in base 11?
-603
What is -d68 (base 14) in base 12?
-1640
201424 (base 5) to base 13
2c52
-1530a (base 12) to base 13
-10759
-221001221 (base 3) to base 9
-27057
12220021 (base 3) to base 2
1000011001100
Convert -1345234 (base 6) to base 9.
-125644
What is -48597 (base 10) in base 5?
-3023342
What is -16 (base 15) in base 16?
-15
-2232101 (base 4) to base 8
-25621
What is 2101203 (base 4) in base 8?
22143
993 (base 15) to base 2
100001110011
What is 3163 (base 7) in base 16?
463
549 (base 16) to base 11
1020
Convert -10300220 (base 4) to base 11.
-13714
Convert -53132 (base 6) to base 4.
-1300100
What is -31022 (base 4) in base 2?
-1101001010
What is 21010112 (base 3) in base 6?
40022
Convert 22201303 (base 4) to base 16.
a873
-1011111001 (base 2) to base 8
-1371
Convert -2245 (base 6) to base 9.
-652
Convert -bc (base 14) to base 12.
-11a
-11010110100000 (base 2) to base 14
-5008
Convert -111000001101 (base 2) to base 12.
-20b9
-615 (base 7) to base 10
-306
Convert 76 (base 16) to base 10.
118
What is -3650 (base 15) in base 7?
-45450
Convert 8c4 (base 15) to base 11.
1544
64435 (base 7) to base 11
11026
What is -342233 (base 5) in base 2?
-10111110100001
Convert -1b8 (base 12) to base 10.
-284
e8 (base 15) to base 7
431
Convert -1101001101 (base 2) to base 16.
-34d
What is 15895 (base 12) in base 4?
13132301
Convert -2360 (base 7) to base 5.
-12000
Convert 1503 (base 6) to base 5.
3044
What is -5a77 (base 13) in base 9?
-18462
What is -b9 (base 13) in base 6?
-412
What is -46166 (base 7) in base 2?
-10110111101111
Convert -10110001110100 (base 2) to base 8.
-26164
-14531 (base 6) to base 10
-2359
Convert -1020 (base 10) to base 7.
-2655
What is -1001001110000101 (base 2) in base 9?
-56721
What is 343 (base 13) in base 15?
277
Convert b3 (base 15) to base 5.
1133
What is -2032 (base 12) in base 3?
-11210102
Convert 1229 (base 10) to base 5.
14404
What is -10101111000 (base 2) in base 12?
-988
2311 (base 5) to base 4
11023
Convert -31163 (base 8) to base 15.
-3c60
495 (base 10) to base 4
13233
What is 1b3 (base 16) in base 13?
276
21010 (base 4) to base 13
358
What is 2142 (base 5) in base 10?
297
3366 (base 7) to base 16
4c8
-2375 (base 9) to base 6
-12105
Convert -1166 (base 13) to base 6.
-15202
Convert -5167 (base 8) to base 16.
-a77
Convert -1b05 (base 14) to base 16.
-1329
Convert 2153 (base 7) to base 13.
476
-18ea6 (base 15) to base 4
-103300203
What is -7 (base 9) in base 12?
-7
What is 8325 (base 13) in base 16?
46c2
74565 (base 9) to base 16
c09b
What is 36270 (base 8) in base 15?
4914
23a75 (base 12) to base 13
18c17
What is -1254 (base 6) in base 11?
-273
-1111010 (base 2) to base 10
-122
What is -73 (base 10) in base 13?
-58
What is 124141 (base 8) in base 15?
cb8a
10b (base 16) to base 6
1123
What is 21002312 (base 4) in base 16?
90b6
Convert -14003 (base 5) to base 12.
-7a0
-296 (base 13) to base 9
-562
What is 11314 (base 5) in base 11?
699
-4561 (base 7) to base 11
-127a
What is 4528 (base 16) in base 11?
12335
810 (base 15) to base 12
1073
Convert 778 (base 9) to base 14.
338
What is 24252 (base 6) in base 10?
3560
2a3 (base 12) to base 2
110011011
1bc (base 14) to base 12
262
What is 3c0 (base 14) in base 3?
1001000
What is -753 (base 10) in base 12?
-529
Convert 9569 (base 13) to base 8.
50341
What is -2604 (base 8) in base 7?
-4055
367 (base 16) to base 3
1012021
What is -2122 (base 3) in base 15?
-4b
-1471 (base 9) to base 14
-59b
Convert 3100033 (base 4) to base 13.
60b2
Convert 2805 (base 11) to base 13.
1868
What is 7402 (base 9) in base 2?
1010100110101
What is -104 (base 8) in base 13?
-53
What is -157 (base 8) in base 7?
-216
What is 121 (base 15) in base 3?
100111
What is 62374 (base 8) in base 2?
110010011111100
a780 (base 12) to base 6
221040
Convert 1 (base 10) to base 12.
1
Convert 1329 (base 10) to base 11.
aa9
-2731 (base 8) to base 13
-8b2
What is 1410 (base 13) in base 9?
3856
Convert 2304 (base 7) to base 5.
11322
What is -13709 (base 12) in base 4?
-12210321
Convert -30734 (base 8) to base 13.
-5a6b
-102221 (base 3) to base 8
-502
Convert -2 (base 13) to base 11.
-2
1100010100 (base 2) to base 12
558
-a26 (base 14) to base 15
-8ce
-771 (base 13) to base 14
-671
2434242 (base 5) to base 15
da4c
2236 (base 11) to base 15
d13
-12156 (base 7) to base 3
-11100200
Convert -21082 (base 9) to base 5.
-421200
Convert -2395 (base 10) to base 7.
-6661
-101430 (base 5) to base 8
-6445
What is 1120202112 (base 3) in base 13?
1125b
What is -998 (base 13) in base 2?
-11001101110
Convert -322104 (base 5) to base 2.
-10101010011000
14 (base 11) to base 3
120
1b3e (base 16) to base 11
5270
110033 (base 4) to base 7
3530
-644 (base 9) to base 6
-2234
What is 6631 (base 8) in base 15?
1071
-2456 (base 7) to base 5
-12143
What is 213401 (base 5) in base 4?
1302313
What is -1204 (base 7) in base 4?
-12331
What is 1a6 (base 12) in base 3?
101000
1c8 (base 14) to base 4
11310
Convert 1010010011101 (base 2) to base 11.
3a68
17055 (base 8) to base 11
5893
Convert 1621 (base 14) to base 4.
331231
20402 (base 7) to base 16
1388
What is d52 (base 14) in base 5?
40440
What is 456 (base 11) in base 7?
1406
108 (base 10) to base 15
73
51 (base 12) to base 2
111101
What is 122101 (base 3) in base 4?
13111
Convert -1297 (base 10) to base 3.
-1210001
Convert 10010001010 (base 2) to base 7.
3250
What is -30b (base 12) in base 5?
-3233
13154 (base 6) to base 10
2014
250 (base 16) to base 3
210221
-1839 (base 12) to base 6
-21313
Convert 313012 (base 6) to base 11.
17aa2
What is -1461 (base 7) in base 6?
-2410
What is 220111 (base 3) in base 14?
353
What is 45f (base 16) in base 10?
1119
-7691 (base 12) to base 9
-18831
Convert -4130 (base 7) to base 9.
-1872
What is -33552 (base 9) in base 11?
-15853
What is -2065 (base 9) in base 6?
-11005
Convert -1022122220 (base 3) to base 13.
-baab
What is -2201112 (base 3) in base 15?
-8c5
494 (base 13) to base 12
565
Convert -1c81 (base 13) to base 6.
-32014
-1011001011 (base 2) to base 12
-4b7
Convert -bc (base 16) to base 11.
-161
What is 1067 (base 9) in base 4?
30112
Convert -1331001 (base 4) to base 3.
-101222100
Convert 1062 (base 10) to base 8.
2046
What is 112244 (base 5) in base 12?
2436
Convert 5010 (base 6) to base 14.
578
-20002 (base 3) to base 8
-244
What is 10000121 (base 3) in base 2?
100010011011
-5205 (base 7) to base 4
-130122
What is 181 (base 16) in base 8?
601
What is c523 (base 14) in base 7?
200643
-75250 (base 8) to base 7
-160355
-20030 (base 5) to base 6
-5505
-100000001101 (base 2) to base 9
-2740
Convert -313 (base 11) to base 14.
-1cd
What is 100111000 (base 2) in base 16?
138
bbd0 (base 14) to base 9
48545
What is -10320320 (base 4) in base 16?
-4e38
Convert -242350 (base 6) to base 16.
-533a
-1001223 (base 4) to base 2
-1000001101011
What is -18692 (base 11) in base 6?
-320524
-d7 (base 14) to base 7
-360
4101 (base 14) to base 13
5116
What is ea (base 15) in base 4?
3130
What is -14521 (base 8) in base 7?
-24616
What is 14432 (base 5) in base 14?
64a
51034 (base 6) to base 14
263c
Convert 1113004 (base 5) to base 4.
10310222
What is -10010100000010 (base 2) in base 10?
-9474
Convert 727 (ba